f 2058?
5
What is the hundreds digit of 865?
8
What is the units digit of 6435?
5
What is the tens digit of 220?
2
What is the units digit of 4324?
4
What is the hundreds digit of 3743?
7
What is the units digit of 498?
8
What is the tens digit of 537?
3
What is the thousands digit of 1612?
1
What is the tens digit of 609?
0
What is the tens digit of 3000?
0
What is the hundreds digit of 44946?
9
What is the units digit of 36541?
1
What is the hundreds digit of 1777?
7
What is the thousands digit of 48051?
8
What is the hundreds digit of 586?
5
What is the units digit of 17217?
7
What is the tens digit of 139?
3
What is the units digit of 2733?
3
What is the tens digit of 24602?
0
What is the units digit of 21679?
9
What is the ten thousands digit of 49890?
4
What is the units digit of 29957?
7
What is the hundreds digit of 29235?
2
What is the thousands digit of 23842?
3
What is the hundreds digit of 5234?
2
What is the hundreds digit of 28979?
9
What is the units digit of 983?
3
What is the thousands digit of 1904?
1
What is the units digit of 78838?
8
What is the tens digit of 123899?
9
What is the tens digit of 93100?
0
What is the tens digit of 2152?
5
What is the units digit of 30884?
4
What is the tens digit of 15559?
5
What is the hundreds digit of 574?
5
What is the hundreds digit of 3081?
0
What is the units digit of 748?
8
What is the hundreds digit of 218?
2
What is the thousands digit of 3948?
3
What is the ten thousands digit of 13807?
1
What is the units digit of 39062?
2
What is the tens digit of 1221?
2
What is the ten thousands digit of 10724?
1
What is the units digit of 7513?
3
What is the hundred thousands digit of 121424?
1
What is the tens digit of 2968?
6
What is the tens digit of 186?
8
What is the hundreds digit of 102480?
4
What is the tens digit of 1488?
8
What is the ten thousands digit of 30563?
3
What is the thousands digit of 31870?
1
What is the units digit of 32030?
0
What is the tens digit of 261?
6
What is the thousands digit of 44529?
4
What is the hundreds digit of 2638?
6
What is the tens digit of 9683?
8
What is the hundreds digit of 8763?
7
What is the units digit of 1572?
2
What is the tens digit of 1102?
0
What is the units digit of 474?
4
What is the tens digit of 12323?
2
What is the thousands digit of 140286?
0
What is the hundreds digit of 6116?
1
What is the tens digit of 17810?
1
What is the units digit of 7255?
5
What is the units digit of 1179?
9
What is the thousands digit of 4425?
4
What is the ten thousands digit of 21563?
2
What is the units digit of 17261?
1
What is the tens digit of 2274?
7
What is the tens digit of 1211?
1
What is the hundreds digit of 319?
3
What is the thousands digit of 10493?
0
What is the hundreds digit of 963?
9
What is the hundreds digit of 1356?
3
What is the units digit of 908?
8
What is the units digit of 364?
4
What is the units digit of 5203?
3
What is the units digit of 31189?
9
What is the thousands digit of 10752?
0
What is the units digit of 2652?
2
What is the hundreds digit of 311?
3
What is the ten thousands digit of 29120?
2
What is the tens digit of 4020?
2
What is the tens digit of 40080?
8
What is the units digit of 101?
1
What is the hundreds digit of 6194?
1
What is the units digit of 27365?
5
What is the tens digit of 6341?
4
What is the ten thousands digit of 10535?
1
What is the ten thousands digit of 42338?
4
What is the units digit of 3769?
9
What is the units digit of 4858?
8
What is the thousands digit of 2183?
2
What is the hundreds digit of 330?
3
What is the tens digit of 2793?
9
What is the thousands digit of 75305?
5
What is the thousands digit of 178495?
8
What is the units digit of 3226?
6
What is the thousands digit of 1909?
1
What is the tens digit of 2683?
8
What is the units digit of 172?
2
What is the tens digit of 69720?
2
What is the ten thousands digit of 37893?
3
What is the units digit of 298?
8
What is the thousands digit of 1091?
1
What is the units digit of 870?
0
What is the hundreds digit of 65965?
9
What is the units digit of 3731?
1
What is the units digit of 4532?
2
What is the hundreds digit of 4314?
3
What is the thousands digit of 1904?
1
What is the tens digit of 985?
8
What is the units digit of 2621?
1
What is the units digit of 778?
8
What is the ten thousands digit of 59040?
5
What is the units digit of 9405?
5
What is the units digit of 18246?
6
What is the ten thousands digit of 10532?
1
What is the hundreds digit of 346?
3
What is the thousands digit of 9322?
9
What is the units digit of 145?
5
What is the ten thousands digit of 44841?
4
What is the hundreds digit of 157380?
3
What is the hundreds digit of 22755?
7
What is the hundreds digit of 6309?
3
What is the units digit of 1197?
7
What is the tens digit of 142784?
8
What is the tens digit of 1499?
9
What is the hundreds digit of 1312?
3
What is the thousands digit of 13998?
3
What is the units digit of 1212?
2
What is the tens digit of 291?
9
What is the hundreds digit of 71209?
2
What is the units digit of 3913?
3
What is the thousands digit of 8611?
8
What is the units digit of 275?
5
What is the units digit of 422?
2
What is the units digit of 593?
3
What is the tens digit of 17399?
9
What is the units digit of 5954?
4
What is the ten thousands digit of 87650?
8
What is the tens digit of 10832?
3
What is the tens digit of 660?
6
What is the units digit of 496?
6
What is the units digit of 1867?
7
What is the units digit of 53?
3
What is the thousands digit of 1051?
1
What is the tens digit of 85275?
7
What is the units digit of 1429?
9
What is the hundreds digit of 3473?
4
What is the hundreds digit of 33896?
8
What is the hundreds digit of 5430?
4
What is the units digit of 2282?
2
What is the tens digit of 67?
6
What is the hundreds digit of 9167?
1
What is the hundreds digit of 409?
4
What is the units digit of 7140?
0
What is the ten thousands digit of 58521?
5
What is the tens digit of 326?
2
What is the hundreds digit of 4510?
5
What is the units digit of 3072?
2
What is the thousands digit of 2180?
2
What is the tens digit of 4057?
5
What is the units digit of 10537?
7
What is the ten thousands digit of 77455?
7
What is the units digit of 21838?
8
What is the thousands digit of 181269?
1
What is the tens digit of 10370?
7
What is the hundreds digit of 502?
5
What is the tens digit of 1301?
0
What is the ten thousands digit of 11556?
1
What is the thousands digit of 23000?
3
What is the ten thousands digit of 108750?
0
What is the thousands digit of 150196?
0
What is the thousands digit of 2006?
2
What is the units digit of 17513?
3
What is the tens digit of 969?
6
What is the hundreds digit of 52016?
0
What is the tens digit of 66675?
7
What is the units digit of 1816?
6
What is the tens digit of 36473?
7
What is the tens digit of 708?
0
What is the hundreds digit of 477?
4
What is the units digit of 2822?
2
What is the tens digit of 15856?
5
What is the units digit of 42565?
5
What is the hundreds digit of 20391?
3
What is the tens digit of 180?
8
What is the units digit of 4352?
2
What is the tens digit of 2919?
1
What is the thousands digit of 53375?
3
What is the tens digit of 3436?
3
What is the tens digit of 863?
6
What is the units digit of 722?
2
What is the units digit of 1536?
6
What is the tens digit of 9292?
9
What is the tens digit of 13292?
9
What is the units digit of 472?
2
What is the tens digit of 8384?
8
What is the hundreds digit of 84904?
9
What is the thousands digit of 10415?
0
What is the tens digit of 30797?
9
What is the tens digit of 4689?
8
What is the thousands digit of 1101?
1
What is the ten thousands digit of 24152?
2
What is the units digit of 142131?
1
What is the units digit of 1031?
1
What is the ten thousands digit of 10063?
1
What is the thousands digit of 1824?
1
What is the thousands digit of 21320?
1
What is the units digit of 1193?
3
What is the thousands digit of 4874?
4
What is the tens digit of 5568?
6
What is the units digit of 29513?
3
What is the hundreds digit of 79501?
5
What is the hundreds digit of 5153?
1
What is the tens digit of 11026?
2
What is the thousands digit of 4132?
4
What is the units digit of 901?
1
What is the units digit of 3265?
5
What is the hundreds digit of 8301?